{"id":1161,"date":"2023-06-08T10:38:36","date_gmt":"2023-06-08T09:38:36","guid":{"rendered":"https:\/\/www.isledanse.fr\/?page_id=1161"},"modified":"2026-02-16T22:24:57","modified_gmt":"2026-02-16T21:24:57","slug":"calandrier-des-manifestations","status":"publish","type":"page","link":"http:\/\/www.isledanse.fr\/index.php\/calandrier-des-manifestations\/","title":{"rendered":"Calendrier des manifestations"},"content":{"rendered":"\n<p><strong>Agenda des soir\u00e9es 2025-2026<\/strong><\/p>\n\n\n<style id=\"kb-spacer_5b1b4b-54\">.wp-block-kadence-spacer.kt-block-spacer-_5b1b4b-54 .kt-divider{width:80%;}<\/style>\n<div class=\"wp-block-kadence-spacer aligncenter kt-block-spacer-_5b1b4b-54\"><div class=\"kt-block-spacer kt-block-spacer-halign-center\"><hr class=\"kt-divider\"\/><\/div><\/div>\n\n\n\n<p>Soir\u00e9es r\u00e9serv\u00e9es aux adh\u00e9rents.<\/p>\n\n\n\n<p><u>Pour les soir\u00e9es offertes merci de <strong>vous inscrire 15 jours avant la date<\/strong><\/u> et de bien vouloir pr\u00e9venir si d\u00e9sistement.<\/p>\n\n\n\n<figure class=\"wp-block-table\"><table><thead><tr><td><strong>Date<\/strong><\/td><td><strong>Nature de la soir\u00e9e<\/strong><\/td><td><strong>Lieu<\/strong><\/td><td><strong>Infos<\/strong><\/td><\/tr><\/thead><tbody><tr><td>Vendredi <strong>7 novembre<\/strong><\/td><td>Soir\u00e9e dansante<\/td><td><strong>Salle de M\u00e9rignac<\/strong><br>Isle<\/td><td>\u00e0 partir de 19H00<br>Soir\u00e9e auberge espagnole Apporter plat sal\u00e9 ou sucr\u00e9 + boisson.<br>Amenez assiette et couverts.<\/td><\/tr><tr><td>Vendredi <strong>19 d\u00e9cembre<\/strong><\/td><td>Repas dansant de fin d&rsquo;ann\u00e9e<\/td><td><strong>Club-house<br>Rugby J.A. Isle<\/strong><\/td><td>\u00e0 partir de 19H00<br>Soir\u00e9e offerte par l&rsquo;association&nbsp;<br>(inscription n\u00e9cessaire)<\/td><\/tr><tr><td>Vendredi <strong>16 janv. 2026<\/strong><\/td><td>Galette des Rois<\/td><td><strong><strong><br>Salle de Convivialit\u00e9<\/strong> Gymnase Marcel Lalu<\/strong><\/td><td>\u00e0 partir de <strong>20H30<\/strong><br>(il faut s&rsquo;inscrire, au plus tard le mercredi 7 janvier)<\/td><\/tr><tr><td>Vendredi <strong>27 f\u00e9vrier 2026<\/strong><\/td><td>Soir\u00e9e application<\/td><td><strong><strong><strong>Salle de Convivialit\u00e9<\/strong> Gymnase Marcel Lalu<\/strong><\/strong><\/td><td>\u00e0 partir de <strong>20H<\/strong><br><em>Apportez des cr\u00eapes si vous le voulez bien ! Nous avons le cidre qui va avec&#8230;<\/em><\/td><\/tr><tr><td>Vendredi <strong><mark class=\"kt-highlight\">13 mars<\/mark> 2026<\/strong><\/td><td>Soir\u00e9e costum\u00e9e<\/td><td><strong>Club-house<br>Rugby J.A. Isle<\/strong><\/td><td>\u00e0 partir de 19H &#8211; Soir\u00e9e auberge espagnole : apporter plat sal\u00e9 ou sucr\u00e9 + boisson.<br>Amenez assiette et couverts.<\/td><\/tr><tr><td>Vendredi 24 avril 2026<\/td><td>Soir\u00e9e application<\/td><td><strong><strong><strong>Salle de Convivialit\u00e9<\/strong> Gymnase Marcel Lalu<\/strong><\/strong><\/td><td>de 20H \u00e0 23H<\/td><\/tr><tr><td>Vendredi 29 mai 2026<\/td><td>Soir\u00e9e dansante<\/td><td><\/td><td>Buffet campagnard offert par l&rsquo;association.<br>Amenez assiette et couverts.<\/td><\/tr><tr><td><strong>Mercredi <\/strong>24 juin 2026 <\/td><td>Assembl\u00e9e G\u00e9n\u00e9rale<\/td><td><strong><strong><strong>Salle de Convivialit\u00e9<\/strong> Gymnase Marcel Lalu<\/strong><\/strong><\/td><td><\/td><\/tr><tr><td>Vendredi <strong>26 juin<\/strong><\/td><td>Barbecue<\/td><td><strong>Salle de M\u00e9rignac<\/strong><br>Isle<\/td><td>Soir\u00e9e r\u00e9serv\u00e9e aux adh\u00e9rents<\/td><\/tr><\/tbody><\/table><\/figure>\n\n\n\n<p><\/p>\n\n\n\n<p><\/p>\n\n\n\n<div class=\"wp-block-columns is-layout-flex wp-container-core-columns-is-layout-9d6595d7 wp-block-columns-is-layout-flex\">\n<div class=\"wp-block-column is-layout-flow wp-block-column-is-layout-flow\"><\/div>\n\n\n\n<div class=\"wp-block-column is-layout-flow wp-block-column-is-layout-flow\"><\/div>\n<\/div>\n\n\n\n<p><\/p>\n","protected":false},"excerpt":{"rendered":"<p>Agenda des soir\u00e9es 2025-2026 Soir\u00e9es r\u00e9serv\u00e9es aux adh\u00e9rents. Pour les soir\u00e9es offertes merci de vous inscrire 15 jours avant la date et de bien vouloir pr\u00e9venir si d\u00e9sistement. Date Nature de la soir\u00e9e Lieu Infos Vendredi 7 novembre Soir\u00e9e dansante &hellip; <a href=\"http:\/\/www.isledanse.fr\/index.php\/calandrier-des-manifestations\/\">Lire la suite\u00ad\u00ad<\/a><\/p>\n","protected":false},"author":1,"featured_media":0,"parent":0,"menu_order":0,"comment_status":"closed","ping_status":"closed","template":"","meta":{"kt_blocks_editor_width":"","footnotes":""},"class_list":["post-1161","page","type-page","status-publish","hentry"],"_links":{"self":[{"href":"http:\/\/www.isledanse.fr\/index.php\/wp-json\/wp\/v2\/pages\/1161","targetHints":{"allow":["GET"]}}],"collection":[{"href":"http:\/\/www.isledanse.fr\/index.php\/wp-json\/wp\/v2\/pages"}],"about":[{"href":"http:\/\/www.isledanse.fr\/index.php\/wp-json\/wp\/v2\/types\/page"}],"author":[{"embeddable":true,"href":"http:\/\/www.isledanse.fr\/index.php\/wp-json\/wp\/v2\/users\/1"}],"replies":[{"embeddable":true,"href":"http:\/\/www.isledanse.fr\/index.php\/wp-json\/wp\/v2\/comments?post=1161"}],"version-history":[{"count":67,"href":"http:\/\/www.isledanse.fr\/index.php\/wp-json\/wp\/v2\/pages\/1161\/revisions"}],"predecessor-version":[{"id":1549,"href":"http:\/\/www.isledanse.fr\/index.php\/wp-json\/wp\/v2\/pages\/1161\/revisions\/1549"}],"wp:attachment":[{"href":"http:\/\/www.isledanse.fr\/index.php\/wp-json\/wp\/v2\/media?parent=1161"}],"curies":[{"name":"wp","href":"https:\/\/api.w.org\/{rel}","templated":true}]}}